{"id":22,"date":"2016-01-02T11:19:51","date_gmt":"2016-01-02T11:19:51","guid":{"rendered":"http:\/\/demo.themegrill.com\/explore\/?page_id=22"},"modified":"2025-10-26T15:49:38","modified_gmt":"2025-10-26T15:49:38","slug":"contact","status":"publish","type":"page","link":"https:\/\/lilianexpress.ro\/grecia\/contact\/","title":{"rendered":"Contact"},"content":{"rendered":"<div dir=\"auto\">Dragi Pasageri,<\/div>\n<div dir=\"auto\"><span class=\"pq6dq46d tbxw36s4 knj5qynh kvgmc6g5 ditlmg2l oygrvhab nvdbi5me sf5mxxl7 gl3lb2sf hhz5lgdu\"><img loading=\"lazy\" decoding=\"async\" src=\"https:\/\/static.xx.fbcdn.net\/images\/emoji.php\/v9\/tce\/1.5\/16\/1f1ec_1f1f7.png\" alt=\"\ud83c\uddec\ud83c\uddf7\" width=\"16\" height=\"16\" \/><\/span>\u00a0C\u0103l\u0103tori\u021bi f\u0103r\u0103 griji cu Lilian Express, asigur\u0103m condi\u021bii deosebite de transport, siguran\u021b\u0103 \u0219i \u00eencredere!<\/div>\n<div dir=\"auto\">\n<ul>\n<li>Lilian Express: Autogara Filaret, Bucuresti, Romania<\/li>\n<li>Telefon: +4 0728.777.150<\/li>\n<li>Telefon: 0030 693 728 3040<\/li>\n<\/ul>\n<\/div>\n<p><a href=\"https:\/\/lilianexpress.ro\/grecia\/wp-content\/uploads\/2025\/10\/Program-LilianExpress.png\"><img loading=\"lazy\" decoding=\"async\" class=\"alignnone  wp-image-482\" src=\"https:\/\/lilianexpress.ro\/grecia\/wp-content\/uploads\/2025\/10\/Program-LilianExpress.png\" alt=\"\" width=\"650\" height=\"519\" srcset=\"https:\/\/lilianexpress.ro\/grecia\/wp-content\/uploads\/2025\/10\/Program-LilianExpress.png 772w, https:\/\/lilianexpress.ro\/grecia\/wp-content\/uploads\/2025\/10\/Program-LilianExpress-300x239.png 300w, https:\/\/lilianexpress.ro\/grecia\/wp-content\/uploads\/2025\/10\/Program-LilianExpress-768x613.png 768w\" sizes=\"auto, (max-width: 650px) 100vw, 650px\" \/><\/a><\/p>\n<div dir=\"auto\">V\u0103 a\u0219teptam cu drag \u00een agentiile noastre!<\/div>\n<div class=\"everest-forms\"><div class=\"evf-container default\" id=\"evf-6\"><form id=\"evf-form-6\" class=\"everest-form\" data-formid=\"6\" data-ajax_submission=\"0\" data-keyboard_friendly_form=\"0\" data-form_state_type=\"\" method=\"post\" enctype=\"multipart\/form-data\" action=\"\/grecia\/wp-json\/wp\/v2\/pages\/22\"><div class=\"evf-field-container\"><input type=\"hidden\" id=\"_wpnonce6\" name=\"_wpnonce6\" value=\"081ac191fc\" \/><input type=\"hidden\" name=\"_wp_http_referer\" value=\"\/grecia\/wp-json\/wp\/v2\/pages\/22\" \/><div class=\"evf-frontend-row\" data-row=\"row_1\" conditional_rules=\"[]\"><div class=\"evf-frontend-grid evf-grid-1\" data-grid=\"grid_1\"><div id=\"evf-6-field_fullname-container\" class=\"evf-field evf-field-text form-row validate-required\" data-required-field-message=\"This field is required.\" data-field-id=\"fullname\"><label class=\"evf-field-label\" for=\"evf-6-field_fullname\"><span class=\"evf-label\">Name<\/span> <abbr class=\"required\" title=\"Required\">*<\/abbr><\/label><input type=\"text\" id=\"evf-6-field_fullname\" class=\"input-text\" name=\"everest_forms[form_fields][fullname]\" required><\/div><div id=\"evf-6-field_email-container\" class=\"evf-field evf-field-email form-row validate-required validate-email\" data-required-field-message=\"Please enter a valid email address.\" data-field-id=\"email\"><label class=\"evf-field-label\" for=\"evf-6-field_email\"><span class=\"evf-label\">Email<\/span> <abbr class=\"required\" title=\"Required\">*<\/abbr><\/label><input type=\"email\" id=\"evf-6-field_email\" class=\"input-text\" name=\"everest_forms[form_fields][email]\" required ><\/div><div id=\"evf-6-field_subject-container\" class=\"evf-field evf-field-text form-row validate-required\" data-required-field-message=\"This field is required.\" data-field-id=\"subject\"><label class=\"evf-field-label\" for=\"evf-6-field_subject\"><span class=\"evf-label\">Subject<\/span> <abbr class=\"required\" title=\"Required\">*<\/abbr><\/label><input type=\"text\" id=\"evf-6-field_subject\" class=\"input-text\" name=\"everest_forms[form_fields][subject]\" required><\/div><div id=\"evf-6-field_message-container\" class=\"evf-field evf-field-textarea form-row\" data-field-id=\"message\"><label class=\"evf-field-label\" for=\"evf-6-field_message\"><span class=\"evf-label\">Message<\/span> <\/label><textarea id=\"evf-6-field_message\" class=\"input-text\" name=\"everest_forms[form_fields][message]\"  ><\/textarea><\/div><\/div><\/div><\/div><div class=\"evf-honeypot-container evf-field-hp\"><label for=\"evf-6-field-hp\" class=\"evf-field-label\">Phone<\/label><input type=\"text\" name=\"everest_forms[hp]\" id=\"evf-6-field-hp\" class=\"input-text\"><\/div><div class=\"evf-recaptcha-container \" style=\"display:block\"><div class=\"g-recaptcha\" data-sitekey=\"6LdwbLEcAAAAAO68zGD84g35dFcWH2l1DVToxhqY\"><\/div><\/div><div class=\"evf-submit-container \" ><input type=\"hidden\" name=\"everest_forms[id]\" value=\"6\"><input type=\"hidden\" name=\"everest_forms[author]\" value=\"1\"><button type='submit' name='everest_forms[submit]' class='everest-forms-submit-button button evf-submit ' id='evf-submit-6' value='evf-submit' data-process-text=\"Processing\u2026\" conditional_rules='&quot;&quot;' conditional_id='evf-submit-6'  id=\"evf-submit-6\" aria-live=\"assertive\">Submit<\/button><\/div><\/form><\/div><!-- .evf-container --><\/div>\n","protected":false},"excerpt":{"rendered":"<p>Dragi Pasageri, \u00a0C\u0103l\u0103tori\u021bi f\u0103r\u0103 griji cu Lilian Express, asigur\u0103m condi\u021bii deosebite de transport, siguran\u021b\u0103 \u0219i \u00eencredere! Lilian Express: Autogara Filaret, Bucuresti, Romania Telefon: +4 0728.777.150 Telefon: 0030 693 728 3040 V\u0103 a\u0219teptam cu drag \u00een agentiile noastre!<\/p>\n","protected":false},"author":1,"featured_media":0,"parent":0,"menu_order":0,"comment_status":"closed","ping_status":"closed","template":"","meta":{"footnotes":""},"class_list":["post-22","page","type-page","status-publish","hentry"],"_links":{"self":[{"href":"https:\/\/lilianexpress.ro\/grecia\/wp-json\/wp\/v2\/pages\/22","targetHints":{"allow":["GET"]}}],"collection":[{"href":"https:\/\/lilianexpress.ro\/grecia\/wp-json\/wp\/v2\/pages"}],"about":[{"href":"https:\/\/lilianexpress.ro\/grecia\/wp-json\/wp\/v2\/types\/page"}],"author":[{"embeddable":true,"href":"https:\/\/lilianexpress.ro\/grecia\/wp-json\/wp\/v2\/users\/1"}],"replies":[{"embeddable":true,"href":"https:\/\/lilianexpress.ro\/grecia\/wp-json\/wp\/v2\/comments?post=22"}],"version-history":[{"count":9,"href":"https:\/\/lilianexpress.ro\/grecia\/wp-json\/wp\/v2\/pages\/22\/revisions"}],"predecessor-version":[{"id":485,"href":"https:\/\/lilianexpress.ro\/grecia\/wp-json\/wp\/v2\/pages\/22\/revisions\/485"}],"wp:attachment":[{"href":"https:\/\/lilianexpress.ro\/grecia\/wp-json\/wp\/v2\/media?parent=22"}],"curies":[{"name":"wp","href":"https:\/\/api.w.org\/{rel}","templated":true}]}}